.
7, 59
Let r(a) = 3*a**2 + a - 2. Let t be r(2). Suppose -w - q + 46 = t, -121 = -4*w - q. Let j = 8 + w. What are the prime factors of j?
37
Let l be 16 - (-1)/1 - (-16)/(-4). Suppose 337 = 2*k - l. List the prime factors of k.
5, 7
Suppose -279 = 5*g + 4*b - 40, 4*g - 5*b = -183. List the prime factors of -10 + 12 - g*1.
7
What are the prime factors of 1 + (-2400)/(-5) + 4 + 1?
2, 3
Let u(q) = 85*q**2 + 33*q - 3. List the prime factors of u(4).
1489
Suppose -9*x + 675 = -4*x. Suppose -4*w = d - 267, 2*w + d = 2*d + x. What are the prime factors of w?
67
Let j(p) = p + 5. Let f(w) = w**2 + 7*w - 1. Let r be f(-3). Let i be j(r). List the prime factors of 2/4*(i - -58).
5
Let g(x) = 8*x - 106. What are the prime factors of g(19)?
2, 23
What are the prime factors of 5/(-1) - (-3 - 5) - -890?
19, 47
List the prime factors of (-8)/(-12)*(-8)/(48/(-2709)).
7, 43
Let g = 1842 - -1322. What are the prime factors of g?
2, 7, 113
Let z be 2*((-4 - -6) + -1). Let y be (-2 - 3) + 2 + 6. Suppose -12 = -z*v - 2*p + 22, -y*p = 5*v - 91. List the prime factors of v.
2, 5
Suppose 4*r = -5*g - 3, -7 = -5*g - 22. Suppose -8*u + 15 = -r*u. Suppose -u*x + 30 = -30. List the prime factors of x.
2, 5
What are the prime factors of (-49)/21 + 17214/18?
2, 3, 53
Suppose -6*o + 0 = -42. Suppose 0 = -o*g + 719 - 194. List the prime factors of g.
3, 5
Let r(v) = -v**3 - 6*v**2 - 8*v - 6. Let h be r(-5). Let b(d) = -d + 7. Let j be b(h). List the prime factors of j/9 + (-470)/(-90).
5
Let d(l) = 4*l**2 + l - 2. Let m(y) = y + 9. Let s be m(-8). Let h be d(s). List the prime factors of h + (81 - (-3 - -2)).
5, 17
Let p(u) = 52*u - 195. What are the prime factors of p(21)?
3, 13, 23
Suppose 4*j - 11 + 107 = -4*g, 0 = -4*j + 5*g - 96. What are the prime factors of (46 + 0)*6*(-4)/j?
2, 23
Suppose 5*g - 1877 = -162. Suppose 0*r = 3*o - 2*r - g, 2*o + 4*r = 218. What are the prime factors of o?
113
Let j be 2*3 - (-1 + 5). What are the prime factors of 27/((-1)/j*-2)?
3
Suppose s + 9 + 11 = 2*f, 2*f - 36 = 5*s. Let r(u) = u**3 - 6*u**2 - 8*u + 3. What are the prime factors of r(f)?
67
Suppose 5902 = 3*i + 5*n, -4*i - 40*n + 7811 = -45*n. List the prime factors of i.
3, 653
Suppose 4*g - a - 2328 = -4*a, 3*g - 4*a = 1746. What are the prime factors of g?
2, 3, 97
Let d = 1566 + -723. What are the prime factors of d?
3, 281
Let f = 9 + -4. Suppose -f*d - 5*g = -d - 206, -3*d + 4*g = -139. List the prime factors of d.
7
Let i(x) = -x - 1. Let w be i(1). Let l(r) = -31*r + 4. List the prime factors of l(w).
2, 3, 11
Suppose 0 = 20*w + 8670 - 58530. List the prime factors of w.
3, 277
Suppose -5*c - 4*c + 414 = 0. Let d = c + 48. What are the prime factors of d?
2, 47
Suppose -3 = b + 3. Let g = 1 - b. Suppose g + 8 = 3*f, 5*f = -2*q + 85. List the prime factors of q.
2, 3, 5
Suppose -3*n - 4*l = -88 - 126, 0 = 6*l + 30. What are the prime factors of n?
2, 3, 13
Let n = 1283 + -102. List the prime factors of n.
1181
Let l(r) = -29*r - 90. What are the prime factors of l(-14)?
2, 79
Let w = 638 + 881. What are the prime factors of w?
7, 31
Suppose 5*n + 0 = -3*s + 22, -2*n + 4*s = 12. Suppose 0 = -5*u + 4*y + 14 + 4, n*y = 4*u - 18. What are the prime factors of (18/(-4))/(u/(-12))?
3
Suppose 4*v + 0*v = 64. Let a(t) = t**2 - 16*t + 14. List the prime factors of a(v).
2, 7
Suppose -2*x + 297 = 4*k - 357, 2*x - 652 = -5*k. What are the prime factors of x?
331
List the prime factors of (-1622)/(-5) - 4/(20/(-3)).
5, 13
Let a = -31 + 72. Suppose -5*j + j + 16 = 0. Suppose -b + a = g, -j*g + 7 = -4*b - 141. What are the prime factors of g?
3, 13
Let x be -2 - (28 + (-1 - -1)). Let h = x + 32. What are the prime factors of ((-16)/(-28))/(h/14)?
2
Suppose 5*c + 5*j - 2620 = 0, -c + 544 = -28*j + 24*j. List the prime factors of c.
2, 3, 11
Let l(x) = -2*x + 46*x - 2 + 2. What are the prime factors of l(3)?
2, 3, 11
Suppose 4*w - 88 = -0*w. Let x = w + -24. What are the prime factors of -4 - -4 - (-6 - x)?
2
Suppose 19 = 3*d + 2*l, 2*d + 3*l - 12 = 9. Suppose d*w + y + 10 = -9, -4*w + y - 37 = 0. List the prime factors of (1 - 4) + w + 38.
3
Let s(n) = n**2 + 7*n - 10. Let j be 3/4*(-2 + 16 + -6). List the prime factors of s(j).
2, 17
Suppose -u + 135 = 4*n - 62, 2*u + n - 422 = 0. What are the prime factors of u?
3, 71
Let d = 61 - -15. Suppose -6*v - 15 = -9*v. Suppose -v*y = -d + 21. What are the prime factors of y?
11
Let t(v) = 4*v**2 + 35*v - 3. Let r be t(-9). List the prime factors of (-2)/((-312)/(-805) + r/(-15)).
7, 23
Suppose -2573*f + 2580*f = 8302. List the prime factors of f.
2, 593
Let b(m) = 15*m + 9. Let f be b(-10). Let y = 208 + f. What are the prime factors of y?
67
Let o = 51 - 32. Suppose o*v - 11*v = 1760. What are the prime factors of v?
2, 5, 11
Let d = 20 + -6. Let q = -15 + d. What are the prime factors of q + 9/((-27)/(-78))?
5
Let o = 364 - -123. What are the prime factors of o?
487
Let t be 2/(-4) + (-90)/(-4). Suppose 6*c = -t - 14. What are the prime factors of c/(-12)*(74 + 0)?
37
Suppose -1431 = -2*m + i, 4*i + 1554 - 5164 = -5*m. What are the prime factors of m?
2, 359
Let i = -28 + 27. Let t be -8 + 11 + i/(-1). Suppose t*s - 84 = -3*n, -3*s = 2*s. List the prime factors of n.
2, 7
What are the prime factors of (-4)/(-10) + 103/5?
3, 7
Let i = 2154 + 65. List the prime factors of i.
7, 317
Let o = 204 + 1474. What are the prime factors of o?
2, 839
Let k = 68 - 63. Let r(h) = -h**3 + 6*h**2 - 4*h - 3. Let y be r(5). Suppose 0 = -u + k*n + 15 + 19, n = y. What are the prime factors of u?
2, 11
List the prime factors of (396/220)/(6/2320).
2, 3, 29
Let i = 45 + -43. Suppose 0 = j + 3*j + 4*k - 360, -i*j = k - 183. What are the prime factors of j?
3, 31
Suppose -2*a = -a + v - 10, 4*a - 30 = -2*v. Let i = a - 2. Suppose -5 - 11 = -2*o - 4*r, 36 = 3*o + i*r. What are the prime factors of o?
2
Let l be ((-2)/(-6))/(1/63). Let b(j) = -12 - l*j + 11 - 14*j. List the prime factors of b(-1).
2, 17
Suppose 19943 - 6929 = 9*p. What are the prime factors of p?
2, 3, 241
What are the prime factors of 6508/32 - 24/64?
7, 29
Suppose -2*u + 7*u = 0. List the prime factors of -6*((u - -3) + -19).
2, 3
List the prime factors of 6/(-33) - 110904/(-132).
2, 3, 5, 7
List the prime factors of -2*4/8*-347.
347
List the prime factors of (-718592)/(-512) - (30/4)/3.
3, 467
What are the prime factors of (-4 - 216685/(-119)) + (-8)/(-68)?
23, 79
Suppose 2*m - 4*b - 4 = -3*m, 0 = -4*m - 5*b + 36. Suppose 2*v = 4 + m. List the prime factors of v.
2
Let b(v) = 24*v - 113. Let n be b(5). Let m = 88 - 62. Let i = m - n. List the prime factors of i.
19
Suppose 2*b + 14 = 2*t, 2*t = 4*t - 3*b - 17. Suppose -3*m = s - 35, 0*s - t*m + 148 = 4*s. What are the prime factors of s?
2, 19
Suppose -13 = -3*o + 2*c, 2*o - o = 3*c + 2. Suppose -222 = -o*r + 178. List the prime factors of r.
2, 5
Suppose -5*g = -2*h + 151, 3*h - 181 = 5*g - 32. Let d = g - -46. List the prime factors of d.
3, 5
Suppose 2*k - 3*m = -6 - 1, -4*m = -4. Let f = 8 + k. What are the prime factors of f?
2, 3
Let b be (0 - 3)*(-32)/24. Suppose 88 = -b*r - 284. What are the prime factors of r/(-2) - 1/2?
2, 23
Let k = 31 - 33. What are the prime factors of ((-16)/60)/(k/183)*5?
2, 61
Let d = 82 + -119. Let c = d - -39. List the prime factors of c.
2
Let l(x) = 6*x - 3. Let r(t) be the second derivative of t**5/20 + 7*t**4/12 + t**3/6 + 5*t**2 - 2*t. Let k be r(-7). What are the prime factors of l(k)?
3, 5
Let n = 11 - 15. Let g be 264/36 - n/6. Let m = -6 + g. List the prime factors of m.
2
Suppose -2*l + 4*h = 3*h - 280, -h = -3*l + 419. List the prime factors of l.
139
Let q = 2430 + -1650. List the prime factors of q.
2, 3, 5, 13
Suppose -5*j + 2*i + 2535 = 100, 0 = -3*j + i + 1462. What are the prime factors of j?
3, 163
Let x(m) = -m**3 + 8*m**2 - 6*m - 5. Let z be x(5). Suppose z = -4*s + 5*s. List the prime factors of s.
2, 5
Let k(v) = v**3 - 16*v**2 + 4*v - 57. What are the prime factors of k(17)?
2, 3, 5
Suppose 0 = -3*h + 3*j - 24, -h + 2*j + 17 = 6*j. Let c = h - -5. List the prime factors of 1/2 + 13/c.
7
Suppose 3*m = -5*h + 986, -5*h = m + m - 649. List the prime factors of m.
337
Let s be 12/3 + (-87)/(-3). Let u = s + -28. Suppose -l = -5*q - 18, -u*l + q - 3*q = -117. What are the prime factors of l